q - 10*q + 4*a, -q + 49 = -3*a. Calculate the remainder when q/(610/(-2100))*4/(-10) is divided by 82.
2
Suppose 0 = -0*z - z - 2*z. Calculate the remainder when 279 is divided by z + -3 - (-50 - 9).
55
Let r be 462/36 + 0 - (-2)/12. Let m(q) = -2*q**3 + 30*q**2 - 24*q + 20. Calculate the remainder when m(r) is divided by 11.
10
Suppose -v + 39 = v + 5*r, 0 = -5*v + 3*r + 20. Suppose -v*g + 15*g - 664 = 0. Calculate the remainder when g is divided by 39.
5
Let f = -9315 + 9459. What is the remainder when 1006 is divided by f?
142
Let b = -3245 - -3260. What is the remainder when 1616 is divided by b?
11
Let d(u) = 4*u**2 - 9. Let l be d(-3). Let f = l + -14. What is the remainder when f is divided by 4?
1
Let k be (-5 - -2) + 4 + (-1 - -4). Suppose -k*v + 20 = -8. What is the remainder when (3 - 6/3)/((-2)/(-40)) is divided by v?
6
Let d = -182 + 487. Let r = 359 - d. What is the remainder when 426 is divided by r?
48
Suppose -12*d - 38 = 7*d. What is the remainder when ((-1)/d - 2)*(5 - 57) is divided by 42?
36
Suppose 5*i + 2*i = 91. Suppose i*v = 7*v + 24. Suppose -v*j + 59 = 19. What is the remainder when 77 is divided by j?
7
Let x(u) = 2*u**3 + 12*u**2 + u + 4. Let f = -80 + 74. Let z be x(f). What is the remainder when (-9 - 1267/(-63)) + z/18 is divided by 7?
4
Let w = 28 - 113. Let a = w + 110. Calculate the remainder when 99 is divided by a.
24
Let w(l) = l**2 + 4*l + 5. Let x = 149 + -108. Suppose -38*u - 135 = -x*u. Calculate the remainder when u is divided by w(-6).
11
Suppose -341*m + 5 = -340*m - 37. Calculate the remainder when m is divided by 29.
13
Suppose 15*g = g - 6*g. Suppose g = 18*p - 167 - 175. Calculate the remainder when 262 is divided by p.
15
Let x = 24 + -47. Let m = -20 - x. Suppose m*p = -5*g + 92, -4*g + 4*p + 41 = -39. Calculate the remainder when g is divided by 8.
3
Suppose 0*v - 4*v = -540. Let f(j) = 30*j + 2327. Calculate the remainder when v is divided by f(-76).
41
Let o(a) = -a**3 - 9*a**2 - 12*a + 125. What is the remainder when o(-14) is divided by 11?
8
Let w(d) = -d**2 + 2*d + 30. Let u be w(6). Suppose 7*b + u*b = 416. Calculate the remainder when b is divided by (8/12 + 0)/((-4)/(-54)).
5
Suppose 7*u + 24 = 15*u. Calculate the remainder when 380/(-30)*u/(-2) is divided by 10.
9
Let p(t) = 12*t - 102. Suppose -23*y + 100 + 176 = 0. What is the remainder when 80 is divided by p(y)?
38
Suppose 0 = 5*j - h - 1167, j - 36*h - 211 = -39*h. What is the remainder when 2314 is divided by j?
226
Suppose 0 = -3*q - 3*r + 57, -5*q + 95 = -4*r + 7*r. Suppose 2*v - 3*s - 38 = -0*s, -v - 4*s = -q. Calculate the remainder when 189 is divided by v.
18
Let g be 108/(-1) - (14 - 11). Let v = g - -245. What is the remainder when v is divided by 35?
29
Suppose 0 = -2*j, -4*o + 0*o - j + 152 = 0. Suppose o = -3*w + m - 41, 3*m - 107 = 4*w. Let r = w - -41. Calculate the remainder when 42 is divided by r.
12
Suppose 52*y = 42*y + 12930. Suppose -y = -3*f + 5*g, 4*g = 5*f - 2514 + 359. What is the remainder when f is divided by 24?
23
Let s(r) = r**2 - 8*r + 2. Let p(b) = -b**3 - 108*b**2 - 108*b - 62. Calculate the remainder when s(-8) is divided by p(-107).
40
Suppose 0 = 19*l + 73 - 2087. What is the remainder when l is divided by 49?
8
Let x(b) = -b**2 + 1 - 2*b + 4*b + 7*b**2. What is the remainder when x(-2) is divided by ((-392)/21)/(-7) + 448/48?
9
Let x(n) = 778*n - 4430. What is the remainder when 4521 is divided by x(6)?
237
Suppose 5*b + 4300 = 5*f, 4*b - 3431 = -4*f - 7. Suppose 7203 - f = 15*u. What is the remainder when u is divided by 25?
23
Calculate the remainder when 2760858/8118 - (-1)/(-11) is divided by 172.
168
Let k(i) = -i**3 + 35*i**2 + 3*i + 54. Suppose 2*m - 111 = -3*d, 2*d - 3*m = 10 + 51. Calculate the remainder when k(d) is divided by 40.
39
Let v(o) = o**3 - 15*o**2 - 14*o - 22. Suppose x - 2*x = 3*z - 53, -2*z + 22 = -2*x. Let f(b) = -b + 15. What is the remainder when f(-12) is divided by v(z)?
7
Let t = -1535 + 1581. Calculate the remainder when 268 is divided by t.
38
Let t(u) = 852*u - 6. Let j be t(-1). Let q be (-10)/(-45) - j/27. Calculate the remainder when ((q/(-20))/2)/((-4)/30) is divided by 5.
1
Let x = 79 - 41. Let j = 10287 - 10170. Calculate the remainder when j is divided by x.
3
What is the remainder when ((-75)/10)/((-36)/2256) is divided by 65?
15
Let g = 4934 + -4893. What is the remainder when 814 is divided by g?
35
Let q(y) = -3*y**3 - 3*y**2 + 2*y + 6629. What is the remainder when q(0) is divided by 170?
169
Suppose 4*o + 41*c - 6 = 43*c, 0 = o - 2*c. Suppose o*y + 2*k - 106 = 0, 2*k = -2*y + 7*k + 120. Calculate the remainder when 383 is divided by y.
53
Suppose 4*c - 4 = 3*f, -c + 4*f = -f - 18. Let u be 3*2 + 1 + c. Suppose u*w - 20 = 110. What is the remainder when 50 is divided by w?
24
Let k = -6196 - -6183. Suppose 2*u + 12 + 8 = 2*y, -2*y - 5*u = 15. Let o = y - k. What is the remainder when 28 is divided by o?
10
Let r = -19028 + 19031. What is the remainder when 1790 is divided by r?
2
Let y = 631 - 154. Let w = y - 446. Calculate the remainder when w is divided by 7.
3
Suppose 148*t - 142*t - 636 = 0. Suppose -3*f + 5*r + 147 = 0, 2*f = 3*r - 8 + t. Calculate the remainder when 96 is divided by f.
47
Suppose 6923 = 3*s - x, -3*s + 3*x + 2*x = -6943. Suppose -7*r + s = 1914. Calculate the remainder when 1119 is divided by r.
55
Suppose 8*k = 3*k. Suppose k = 2*f - f - 45. Let p(h) = 4*h**2 - 2*h - 8. Calculate the remainder when f is divided by p(-2).
9
Suppose 960 = 66*f - 61*f. Suppose 0 = -f*d + 196*d - 168. Calculate the remainder when d is divided by 27.
15
Suppose 5*j - 511 + 56 = 0. Calculate the remainder when j is divided by 11.
3
Let k be 282/9*(-75)/(-10). Let i = k - 209. Calculate the remainder when 111 is divided by i.
7
Let k = 2 - -3. Suppose -w + 6*w - 745 = 0. Let p = w + -137. What is the remainder when p is divided by k?
2
Let b = 573940 - 573860. Suppose 0 = x + 5*p - 17, 0*p = 3*x - 4*p - 89. What is the remainder when b is divided by x?
26
Suppose 3544 = 5*d + 9*m - 12*m, 4*m = -12. Calculate the remainder when d is divided by 120.
107
Suppose -17360 = 39*y - 46*y. Let p(c) = -6*c + 1. Calculate the remainder when y/48 - 2/3 is divided by p(-2).
12
Calculate the remainder when ((-6612)/290)/(12/(-220)) is divided by 9.
4
Let v = -840 + 1226. Calculate the remainder when 1220 is divided by v.
62
Let r = 268 + -261. Suppose -563 = -r*l + 935. Calculate the remainder when l is divided by 36.
34
Suppose 20 + 45 = s. Let y = s - 32. What is the remainder when 195 is divided by y?
30
Let n be 4340/11 - (-60)/(-110). Let l = -385 + n. What is the remainder when 28 is divided by l?
1
Let l(t) = 2*t**2 + 123*t - 510. What is the remainder when 480 is divided by l(-66)?
60
Let u(p) = -p**2 - 3*p. Let a be u(-3). Suppose a = -o - 2*g + 5*g + 74, o - 84 = g. Calculate the remainder when o is divided by 18.
17
Calculate the remainder when 530 is divided by (1 - (-2)/4)/((-123)/(-5002)).
42
Let g = 2 + -2. Suppose -b + 5*j + 57 = g, -2*b = 2*b + j - 123. Let f = b + 7. What is the remainder when 77 is divided by f?
38
Let l be (-9)/(378/(-228)) - 3/7. Suppose -69*r = -74*r - l. What is the remainder when 213 is divided by (r + -5)*6/(-3)?
9
Calculate the remainder when ((-12)/(-15) - -1)*(30 + -14 + 189) is divided by 189.
180
Suppose -380 = -0*t - 2*t - i, 4*i + 581 = 3*t. Calculate the remainder when t is divided by -2 - (-7 + 1) - (-3 + 1)*2.
7
Suppose 5*a + 75 = 90. Suppose 616 + 9 = 5*c. Calculate the remainder when c is divided by 19 - -1*(a + (-7 - -3)).
17
Let q = -8 - -182. Suppose 3655 - 7571 = -207*t + 3950. Calculate the remainder when q is divided by t.
22
Let d = 10032 + -9391. What is the remainder when d is divided by 116?
61
Let c = 2393 + -2051. What is the remainder when c is divided by 41?
14
Suppose 7 = s + 4*o, -2*s - 3*s - 5*o + 65 = 0. Suppose s = 5*j - 30. Calculate the remainder when j is divided by ((-33)/(-22))/(-2*(-1)/4).
0
Suppose 6*n = -b + 168, -5*b + 1056 = -9*n + 12*n. Calculate the remainder when 617 is divided by b.
185
Let b(l) = 7*l**2 + 22*l - 1. Suppose -12*w = -20*w + 3*i + 234, 0 = i - 2. What is the remainder when b(-10) is divided by w?
29
Suppose -i = 1, 1252 = 3*h - 6*i + 2*i. Calculate the re